 a(d) = 3*d**2 + 25*d - 10. Determine a(-7).
-38
Let l(w) = -w**3 + 4*w**2 + 16*w - 50. Determine l(3).
7
Let o(p) = p**3 + 54*p**2 + 62*p + 3345. Calculate o(-54).
-3
Let l(x) = -2*x**2 - 55*x - 231. Determine l(-5).
-6
Let m(x) = -x**3 + 19*x**2 + 10*x + 221. What is m(20)?
21
Let x(q) = q**3 - 20*q**2 + 40*q - 36. Determine x(18).
36
Let u(w) = -w**2 - w + 371. Give u(17).
65
Let t(n) = -10*n - 530. Determine t(-33).
-200
Let b(a) = 3*a**3 - 47*a**2 - 69*a + 55. Calculate b(17).
38
Let m(u) = -2*u**3 + 2*u**2 - 8*u - 96. What is m(0)?
-96
Let l(z) = 237*z - 37919. Determine l(160).
1
Let i(z) = z**2 + 29*z + 195. Calculate i(-10).
5
Let w(p) = 190*p + 2901. Give w(-15).
51
Let l(t) = 48*t**3 - 13*t**2 - 15*t - 2. Calculate l(-1).
-48
Let s(z) = z**3 - 14*z**2 - 12*z + 62. Give s(14).
-106
Let p(a) = 14*a**2 + 92*a + 93. Give p(-1).
15
Let f(d) = d**2 + 82*d + 1019. Give f(-62).
-221
Let x(i) = -71*i - 158. Give x(-11).
623
Let g(u) = 4*u**3 - 9*u**2 + 5*u - 4. Determine g(0).
-4
Let k(c) = -c**3 - c**2 - 24. Determine k(0).
-24
Let d(z) = z**3 + 87*z**2 - 270*z - 29. Calculate d(-90).
-29
Let n(r) = -91*r + 641. Calculate n(8).
-87
Let o(v) = v**3 - 12*v**2 + 9. Determine o(12).
9
Let b(v) = -3*v**3 + 34*v**2 + 20*v - 40. Calculate b(12).
-88
Let n(m) = -36*m**2 - 6980*m + 774. Determine n(-194).
-2
Let s(m) = -4*m**3 + 823*m**2 + 209*m - 611. Calculate s(206).
7
Let t(u) = -118*u - 1546. Determine t(-13).
-12
Let t(l) = 2268*l + 6815. Calculate t(-3).
11
Let a(k) = 500*k + 3256. Determine a(-6).
256
Let l(h) = 116*h + 27375. Determine l(-236).
-1
Let y(l) = 27*l - 678. Determine y(26).
24
Let c(w) = -w**2 - 38*w + 5463. Calculate c(57).
48
Let p(l) = -79*l**2 - 68*l + 69. Determine p(1).
-78
Let w(a) = 3*a**2 + 265*a - 1060. Determine w(4).
48
Let g(x) = -x**3 + 165*x**2 + 317*x + 2834. Calculate g(167).
-5
Let o(h) = -191*h - 49661. Calculate o(-260).
-1
Let g(f) = -16*f - 582. What is g(-37)?
10
Let u(c) = c**3 - 10*c**2 + 35*c - 66. Calculate u(6).
0
Let k(i) = -66*i - 865. Give k(-13).
-7
Let u(b) = -69*b - 59. What is u(-1)?
10
Let z(q) = 2*q**2 - 138*q + 2130. Determine z(24).
-30
Let v(u) = 13*u + 10. Determine v(5).
75
Let d(a) = a**3 - 87*a**2 - 4750*a + 11. What is d(-38)?
11
Let y(u) = -2*u**2 + 59*u + 47. Calculate y(30).
17
Let m(w) = -4*w**2 + 57*w - 6. Determine m(12).
102
Let k(m) = -m**3 + 49*m**2 - 181*m + 31. Determine k(45).
-14
Let y(n) = 362*n - 16977. Give y(47).
37
Let v(z) = -z**2 - 22*z + 204. Calculate v(8).
-36
Let k(q) = 14*q**3 + q**2 + 107*q + 3. Give k(0).
3
Let o(w) = -7*w**2 + 148*w + 710. Determine o(-4).
6
Let k(w) = -w**2 + 28*w + 14. Determine k(-5).
-151
Let j(o) = -o**2 + 3*o + 7581. Calculate j(-85).
101
Let p(b) = -6*b**2 + 13*b - 77. What is p(4)?
-121
Let i(w) = 452*w + 9547. Determine i(-21).
55
Let p(t) = -t**3 + 57*t**2 - 113*t + 245. What is p(55)?
80
Let h(b) = -994*b + 3962. Calculate h(4).
-14
Let d(r) = 142*r - 4913. Give d(37).
341
Let i(c) = 2*c**2 - 22*c + 35. Determine i(11).
35
Let o(r) = 3*r**2 - 162*r + 10. Determine o(54).
10
Let q(v) = 4*v**3 + 6*v**2 + 2*v - 4. Calculate q(-1).
-4
Let w(o) = -21*o**3 - 2519*o**2 + 119*o - 113. What is w(-120)?
7
Let x(t) = t**3 - 4*t**2 - 68*t - 40. Determine x(-6).
8
Let p(n) = 76*n - 8. Calculate p(0).
-8
Let l(h) = -h**3 + 9*h**2 - 29*h + 27. What is l(8)?
-141
Let n(w) = 49*w + 2994. Calculate n(-61).
5
Let z(a) = -a**3 - 26*a**2 + 4*a + 83. What is z(-26)?
-21
Let i(u) = -u**3 + 9*u**2 - 3*u - 75. Determine i(5).
10
Let g(m) = -m**3 - 27*m**2 + 13*m + 39. Give g(-28).
459
Let w(j) = 119*j - 833. Calculate w(7).
0
Let k(u) = 5*u**3 - u**2 - 11*u + 29. What is k(4)?
289
Let r(g) = 96*g - 24. Calculate r(1).
72
Let d(w) = -69*w - 45. Determine d(2).
-183
Let g(p) = -p**2 - 44*p - 462. Calculate g(-15).
-27
Let c(i) = 234*i**2 + 1402*i - 4. Determine c(-6).
8
Let p(s) = s**3 - 15*s**2 + 9*s + 128. What is p(14)?
58
Let f(g) = 85913*g + 5. What is f(0)?
5
Let a(z) = z**3 + 14*z**2 + 67*z + 21. Calculate a(-7).
-105
Let g(z) = z**2 + 335*z + 10226. What is g(-34)?
-8
Let f(q) = 7*q**3 + 27*q**2 + 75*q + 307. Determine f(-4).
-9
Let w(d) = 13*d + 551. Give w(-50).
-99
Let j(o) = o**2 - 917*o - 51412. What is j(-53)?
-2
Let q(a) = 8*a**3 + 34*a**2 - 8*a - 59. Determine q(-4).
5
Let c(i) = 296*i - 30852. Calculate c(104).
-68
Let g(r) = r**3 + 37*r**2 + 133*r + 140. Determine g(-33).
107
Let w(z) = 46*z - 2317. Give w(50).
-17
Let y(z) = 1244*z + 41042. What is y(-33)?
-10
Let h(u) = 9*u**2 + 450*u - 6. What is h(-50)?
-6
Let j(d) = 19*d**3 + 2278*d**2 - 240*d + 2. What is j(-120)?
2
Let i(d) = d**3 - 117*d**2 - 219*d - 2254. Calculate i(119).
7
Let k(g) = -g**3 - 17*g**2 - 26*g + 52. Determine k(-15).
-8
Let k(p) = 2*p**3 + 21*p**2 + 32*p + 194. Calculate k(-10).
-26
Let i(v) = -5*v**3 + 252*v**2 + 156*v - 162. Calculate i(51).
-9
Let x(c) = c**3 - 16*c**2 - 26*c + 424. Determine x(16).
8
Let z(t) = t**2 + 20*t - 621. Determine z(17).
8
Let o(m) = -4*m**2 + 92*m - 835. Calculate o(9).
-331
Let d(a) = -a**2 - 69*a - 68. Determine d(-1).
0
Let y(d) = -6*d**3 - 105*d + 212. What is y(2)?
-46
Let w(r) = -311*r - 5617. What is w(-18)?
-19
Let m(h) = -h**2 - 18*h + 37. Determine m(2).
-3
Let b(f) = 23*f + 561. Calculate b(-24).
9
Let v(z) = 1370*z - 24682. What is v(18)?
-22
Let t(d) = 2*d**3 - 25*d**2 - 37*d - 123. What is t(14)?
-53
Let m(r) = 4*r**2 + 79*r - 13. Calculate m(-20).
7
Let b(h) = h**3 - 6*h**2 + 5*h + 38. Calculate b(-2).
-4
Let w(b) = b**2 + 194*b + 1382. Calculate w(-7).
73
Let q(w) = -26*w + 1730. Give q(65).
40
Let l(y) = -739*y - 2777. Give l(-4).
179
Let h(m) = 933*m - 3726. What is h(4)?
6
Let u(p) = -p**3 + 6*p**2 - 83*p + 502. Determine u(6).
4
Let f(a) = -68*a + 591. Give f(11).
-157
Let j(m) = -123*m + 1903. Give j(9).
796
Let c(h) = -3*h**2 + 52*h - 65. Determine c(16).
-1
Let a(c) = 3*c**2 - 368*c + 10829. What is a(49)?
0
Let m(u) = -55*u - 2704. What is m(-49)?
-9
Let q(c) = 44*c + 1101. Give q(-25).
1
Let r(p) = -p**2 - 26*p + 109. Determine r(-21).
214
Let y(x) = 152*x**2 + 1364*x - 24. What is y(-9)?
12
Let n(c) = -321*c - 91810. Determine n(-286).
-4
Let k(l) = -16*l**2 + 23*l - 68. Determine k(6).
-506
Let t(s) = -s**3 + 28*s**2 + 27*s + 40. Give t(29).
-18
Let c(w) = 1497*w - 3009. Determine c(2).
-15
Let d(v) = v**2 - 22*v - 250. Give d(50).
1150
Let g(p) = -69*p - 12429. What is g(-180)?
-9
Let d(f) = 68*f + 529. Give d(-7).
53
Let m(r) = 54*r - 43. Calculate m(2).
65
Let z(w) = -8*w**2 + 47*w + 6. Determine z(-3).
-207
Let i(h) = -2*h - 23. Calculate i(-12).
1
Let p(w) = -w**3 + 11*w**2 - 18*w + 3. What is p(9)?
3
Let o(s) = -2*s**3 - 27*s**2 - 12*s + 39. Give o(-13).
26
Let n(p) = p**2 + 1079*p + 176484. Determine n(-201).
6
Let l(a) = 3*a - 16. Determine l(0).
-16
Let w(j) = -j**3 + 6*j**2 + 8*j - 13. Determine w(7).
-6
Let o(n) = -2*n**2 - 53*n - 311. Give o(-9).
4
Let h(k) = -80*k + 2158. Calculate h(27).
-2
Let x(p) = p + 99. Calculate x(-7).
92
Let n(l) = -158*l + 52. Determine n(1).
-106
Let g(d) = -8*d**2 + 27*d - 197. Determine g(5).
-262
Let g(y) = -3*y**2 - 12*y - 21. Determine g(-10).
-201
Let m(d) = -13*d - 370. Give m(-35).
85
Let g(f) = -f**3 + 41*f**2 + 40*f + 217. Determine g(42).
133
Let x(m) = 8*m**2 + 279*m + 26. Give x(-35).
61
Let w(u) = -u**3 + 8*u**2 - 37*u + 104. Determine w(5).
-6
Let t(m) = 137*m - 6160. Determine t(45).
5
Let j(i) = 277*i - 3872. Give j(14).
6
Let s(n) = 16*n - 589. What is s(37)?
3
Let b(i) = -i**2 - 3*i + 845. Calculate b(-31).
-23
Let j(w) = w**2 + 100*w - 926. Give j(-108).
-62
Let s(b) = b**3 - 27*b**2 + 212*b - 4028. Give s(25).
22
Let k(v) = -v**3 + 9*v**2 - 80*v + 265. Give k(4).
25
Let g(o) = -33*o + 4546. Calculate g(138).
-8
Let x(r) = 11*r**2 - 83*r - 276. What is x(10)?
-6
Let q(t) = 5*t**3 + 40*t**2 - 4*t - 41. Determine q(-8).
-9
Let f(r) = -r**3 + 11*r**2 - 6*r - 44. Give f(7).
110
Let k(q) = q**2 - 21*q + 78. What is k(22)?
100
Let d(u) = -130*u**2 + 4*u - 3. Calculate d(-1).
-137
Let t(z) = -z**3 + 6*z**2 - 37*z + 86. Give t(3).
2
Let d(i) = 7*i**2 + 293*i + 46. Calculate d(-42).
88
Let t(r) = -r**2 + 47*r + 157. Determine t(-3).
7
Let n(b) = -12*b - 504. Determine n(-42).
0
Let t(x) = -2*x**3 - 9*x**2 - 15*x - 14. Calculate t(-5).
86
Let y(q) = 7*